- 8*l**3 + 37 - g*l. Determine m(v).
9
Let l(h) = h**2 - 7*h + 9. Let o = -68 + -164. Let n = -228 - o. Give l(n).
-3
Let a(r) = -r + 22. Let b be a(19). Let w(x) = 2*x**2 + 2*x + 2*x**b - 2180 + 4363 - 2184. Give w(-2).
-13
Let i(a) be the first derivative of a**2/2 - 14*a - 179. Let q(u) = u - 16. Let o(d) = -6*i(d) + 5*q(d). Determine o(3).
1
Let c(o) be the first derivative of o**6/60 - o**5/30 + o**4/12 - o**3/2 + 39*o**2/2 + 28. Let q(s) be the second derivative of c(s). Determine q(2).
9
Let s(y) be the second derivative of -13*y**3/6 + 93*y**2/2 - 1342*y. What is s(7)?
2
Let q(m) be the third derivative of 1/120*m**6 + 0 - 5/3*m**3 - 3*m - 40*m**2 - 1/24*m**4 + 11/60*m**5. What is q(-11)?
1
Let l(d) = 17885*d + 3 + 1 - 2 - 17884*d. What is l(12)?
14
Let q(c) = -c**3 - c**2 + 3*c + 1. Let f(r) = 6*r**2 + 2*r + 25. Let k be f(7). Let d = k - 335. Determine q(d).
-1
Let w(v) = 2*v**3 - 5*v**2 + v. Let p(l) = l**2 + 21*l + 3. Let u be p(-21). Calculate w(u).
12
Let n = 171 + -170. Let t(q) = 11*q - 18. Let r be t(n). Let v(x) be the second derivative of x**4/12 + x**3 - x**2/2 + x. Give v(r).
6
Suppose -20 = -32*x + 33*x. Let h be x/2*1/(-2) - 0. Let w(f) = -f + 13. Determine w(h).
8
Suppose -174*v + 510 = -72*v. Let w(h) = h**2 + 11*h - 21. Calculate w(v).
59
Suppose -17*x - 43*x = -5*x + 110. Let p(b) = -7*b**2 + 2*b + 3. Give p(x).
-29
Let p(j) = j**3 - j**2 - 14. Suppose -3*k + 30 = 3*k. Suppose -3*l = -k*c - 20, -4*c = -0 + 16. Calculate p(l).
-14
Suppose -5 = -4*d + 3. Suppose 0 = -5*z + d*t + 2*t + 60, -33 = -z + 5*t. Let b(a) = z - 18*a + 10*a + 10*a. Calculate b(-6).
-4
Let z be (-6)/4*(-8)/3. Let c(p) = -5 - 3*p**2 + 0*p**3 + 51*p + 2*p**3 - 25*p - p**3 - 27*p. Give c(z).
7
Let h(n) = 11*n - 15. Suppose -2*c - 224*c = -723 + 45. Calculate h(c).
18
Let b(z) = -z + 4. Suppose -5 + 89 = 14*g. Let l(k) = -41 + 5*k - 1 + 17. Let j be l(g). Calculate b(j).
-1
Suppose 3*k = u - 26, -u - 4*k = 2*u - 26. Suppose 5*g - 18*d + 9 = -u*d, -2*d = g + 13. Let q(p) = p**2 + 6*p + 3. Calculate q(g).
-2
Let j(q) = 17*q**3. Suppose 40 = -2*p - 3*h + 6*h, -p - 23 = -3*h. Let x = 16 + p. What is j(x)?
-17
Let c(l) = 14*l + 39 + 22 + 96 - 28 + 19. Calculate c(-11).
-6
Let p(r) be the second derivative of 4*r**3 + 9*r**2/2 + 10*r + 192. What is p(-1)?
-15
Let y(n) be the first derivative of 17*n**3/3 + 2*n**2 + 5*n + 973. What is y(-2)?
65
Let w(f) = f**3 - 5*f**2 + 5*f - 6. Let h be w(4). Let y(b) = -6*b + 55 + 2*b**2 + 53 - 111 + 3*b. Determine y(h).
11
Let t(i) = 8*i - 215. Let j(z) = 32*z - 1016. Let d(s) = 2*j(s) - 9*t(s). Determine d(-11).
-9
Suppose v - 2*y = -v + 526, 5*y = v - 259. Let z(h) = -7*h + 263 + v - 531. What is z(-4)?
24
Let k(f) = 20*f**2. Let b(n) = 72*n + 372. Let j be b(-5). Suppose j = 2*l - 94*q + 99*q, -2*l + 2*q = 2. Determine k(l).
20
Let a(q) = -22*q + 89. Let c(l) = 44*l - 164. Let r(i) = 5*a(i) + 3*c(i). What is r(2)?
-3
Let u(j) = -1204 + 1199 + 5*j - 3*j - 3*j. Calculate u(5).
-10
Suppose 3139 = 116*n - 43*n. Let c(a) = a**2 - 47*a + 177. Determine c(n).
5
Let w(j) = -5*j - 89. Suppose -5*h + q + q - 114 = 0, -45 = 4*h + 5*q. Determine w(h).
11
Let f(j) = -j**3 - 19*j**2 - 2*j + 3. Let l(h) = -4*h**2 + h - 1. Let t(w) = -f(w) + 3*l(w). What is t(0)?
-6
Let l(f) be the second derivative of f**3/3 - 9*f**2/2 - 35*f + 18. Suppose 2 = g - 4. Determine l(g).
3
Let b be (-45)/20 + -1 - (-1)/4. Let l(g) = 2*g**3 - 2*g - 1. Let s(i) = 11*i**3 + 3*i**2 - 7*i - 5. Let t(f) = -5*l(f) + s(f). What is t(b)?
-9
Let l(i) = -i**3 - 2*i + 2. Let t(a) = -44*a - 175. Let m be t(-4). Let y(q) = 4*q**3 + 4*q**2 + 11*q - 14. Let s(r) = m*y(r) + 5*l(r). Calculate s(4).
0
Let v(o) = 6*o**3 - 29*o**2 - 23*o - 45. Let y(k) = -7*k**3 + 30*k**2 + 23*k + 44. Let c(w) = -6*v(w) - 5*y(w). Give c(25).
0
Let n(c) be the first derivative of -9*c**2/2 + 155*c - 3040. What is n(16)?
11
Suppose 21*a + 555 = 450. Let y(z) = z**3 + 4*z**2 - 4*z + 4. Give y(a).
-1
Let f(a) = -3*a**2 - 6*a. Let j be f(-4). Let o be (8/j)/(((-3)/27)/1). Let p(i) be the second derivative of i**4/12 - 3*i**2/2 + 22*i. Determine p(o).
6
Let n(f) = -2*f**3 - 44*f**2 - 51*f + 24. Let t(i) = 5*i**3 + 95*i**2 + 102*i - 46. Let c(w) = -7*n(w) - 3*t(w). Determine c(25).
-5
Let t(y) = y - 1. Let l(o) = o**2 + 3*o - 1. Let m(z) = -l(z) + 4*t(z). Let p(n) = 422*n - 100436. Let r be p(238). Give m(r).
-3
Let b be (0 - (27 + -13)) + 9 + -13. Let q(i) = -3*i**2 - 55*i - 22. Give q(b).
-4
Let d(s) = -6*s + 1. Let l be (-6)/(-27) + ((-172)/(-36))/1. Suppose 1 = 2*i - w - 0*w, 0 = 5*w - l. Give d(i).
-5
Let u(r) = -r**2 + 29*r - 5. Let a(i) = 2*i**2 - 28*i + 4. Let o(x) = -5*a(x) - 6*u(x). Give o(-9).
-8
Let l(m) = -22*m + 544. Let w be l(25). Let c(y) = -y**3 - 7*y**2 - 5*y + 1. Determine c(w).
-5
Let w(x) = -x**2 + 13*x - 33. Let o be w(8). Let c(u) = -28*u**2 - o + 58*u**2 - 29*u**2. Determine c(-4).
9
Let j be 2/(-3)*2*-3. Let k = 269 - 264. Let g(p) = 5*p - k + p**3 - 6*p**2 + 9*p + p - 8*p. What is g(j)?
-9
Let u = -57686 + 57681. Let l(i) = -1 + 2 - 4*i + 3*i. What is l(u)?
6
Let i = 55 + -55. Let j(p) be the third derivative of p**4/12 + p**3 - 5*p**2 + 2. What is j(i)?
6
Let b(l) = -l**3 + 9*l**2 - 10*l + 19. Let w(g) = -28*g - 270. Let s be w(-10). Let q be (-7 + 100/s)/((-3)/(-8)). What is b(q)?
3
Let g(u) be the first derivative of u**2/2 - 29*u + 1528. Determine g(8).
-21
Suppose -4*l - 4 = -60. Let n = 61 - l. Let p = -40 + n. Let k(u) = -2*u - 4. Determine k(p).
-18
Suppose 0 = -2*q - 0*a - 2*a + 10, -23 = -3*q + a. Suppose -q*s = 10 + 25. Let c(w) be the third derivative of w**4/24 - w**3/2 - 2*w**2. Calculate c(s).
-8
Let x(z) = -2*z**3 + z**2 - z - 1. Suppose -2*l - 116 = 21*k - 26*k, -2*l = 6. Suppose k*o = 15*o - 7. Determine x(o).
3
Let t(m) = -174*m + 9 + 8 - 3 + 360*m - 13 - 178*m. Suppose 0 = 4*d + 3 - 15. Determine t(d).
25
Let j(a) be the second derivative of a**5/20 - 7*a**4/6 + 2*a**3 + 11*a**2 + 3*a + 373. Give j(12).
-122
Let o = -3 + 7. Suppose -264 = -o*i - 0*i. Let a = i - 64. Let q(u) = -5*u + 2. Calculate q(a).
-8
Let h(s) be the first derivative of -2*s**2 - 5*s + 4. Let p(q) = -3*q - 5. Let d(f) = 4*h(f) - 5*p(f). Let w be (20/5)/(-4) + 4. Calculate d(w).
2
Let a be -6*-1*2/(-3). Let m(c) be the first derivative of c**5/120 - c**4/12 - 122*c**3/3 + 6. Let b(t) be the third derivative of m(t). Calculate b(a).
-6
Let g(j) = j + 3. Let p be (-39)/(-15) - (42/(-35))/(-2). Suppose -5*f = p*f. What is g(f)?
3
Let o(s) = -5*s**2 + 6*s + 48. Let p(r) = 9*r**2 - 11*r - 96. Let x(w) = -11*o(w) - 6*p(w). Let n(j) be the first derivative of x(j). What is n(1)?
2
Let i be (-1924)/(-111) - (-2)/3. Suppose -2*f - n - 16 = 0, i*f - 5*n = 19*f + 26. Let g(y) = -y**3 - 7*y**2 - 4*y - 8. What is g(f)?
-20
Let j(s) be the third derivative of -2*s**4/3 + 5*s**3/6 - 6*s**2 + 24. Determine j(1).
-11
Let v(d) = -23*d + 3. Let l(z) = -127*z + 14. Let g(f) = 2*l(f) - 11*v(f). Calculate g(0).
-5
Let g(z) = -3*z**2 + 3*z + 2. Let l = -4497 + 4494. What is g(l)?
-34
Let h(y) = 0 + 906*y - 2 + 919*y + 17 - 1824*y. Let n be (-11)/2*(1 + 1). Give h(n).
4
Let w = 796 - 802. Let p(k) be the first derivative of -k**3/6 - 2*k**2 - 6*k + 6. Let c(d) be the first derivative of p(d). Calculate c(w).
2
Let t(w) = -w**3 - 4*w**2 - w + 6. Let f be t(-3). Suppose f = 4*d + 4*z - 16, -5*d + 2 = -3*d + 4*z. Let i(r) = r**2 - 7*r - 7. Calculate i(d).
-7
Let r(h) = -h**3 - 4*h**2 + 10*h - 6. Suppose 0 = -39*m + 50*m + 77. What is r(m)?
71
Let m = 212967 + -212975. Let f(i) = 3*i**3 + 7*i**2 - 2*i**3 - 6*i - i. Determine f(m).
-8
Let w = -2 + 0. Let j be 1/w + 1/(-2). Let d(o) = -5*o**2 - 9*o + 8. Let u(f) = -4*f**2 - 6*f + 5. Let n(a) = -2*d(a) + 3*u(a). Give n(j).
-3
Suppose 22*h + 10*h - 55 = -183. Let p(c) = -26*c + 21. What is p(h)?
125
Let z(s) = 38*s - 65. Let d(r) = -216*r + 322. Let h(i) = 2*d(i) + 11*z(i). What is h(-6)?
13
Let v be 98/56 - 4/(-16). Let j(q) be the first derivative of 3 - 1/2*q**v + 11*q + 1/4*q**4 - 3*q**3. What is j(9)?
2
Let r(z) be the second derivative of -4*z**3/3 + z**2/2 - z. Suppose -504*c - 521*c = -1066*c - 41. Determine r(c).
9
Let f = -1665 + 1666. Let y(u) = 5*u - 4. Calculate y(f).
1
Let b be -45*12/(-80) - 2/(-8). Suppose -5*r = 5*w - 10, -r - 8*w - b = -4*w